e factors of l.
2, 3, 7
Let f(u) = 2*u**2 - 9*u + 16. Let g be f(8). Let i = g + -54. List the prime factors of i.
2, 3
What are the prime factors of (331/3)/((-9)/(-147 + 12))?
5, 331
Suppose 2*q - 12 = -4*i, 6 = 3*i - i - q. Suppose i*k - 2*k = 82. What are the prime factors of k?
2, 41
Let r(v) = -6*v**3 - v**2 + v + 1. Suppose -7 = 3*h - 4. Let s be r(h). Let u(j) = j**3 - 6*j**2 + 7*j - 2. List the prime factors of u(s).
2
Let m be (-4)/(-12) - (-14)/3. Suppose -f = 2*f - 2*c - 179, -300 = -m*f + 3*c. List the prime factors of f.
3, 7
Let f = 21 - 30. Let r = -6 - f. Suppose -r*z + 45 = 2*z. List the prime factors of z.
3
Suppose -5*j + 3*f + 304 = 0, -98 - 80 = -3*j + 4*f. Suppose -43 = -5*s + j. What are the prime factors of s?
3, 7
Let h(i) = i**3 - 17*i**2 - 13*i - 67. What are the prime factors of h(20)?
3, 97
Suppose -3*c - c = 72. Let p = c - -30. Let r = 17 - p. What are the prime factors of r?
5
Suppose 32*y - 30 = 26*y. Let j(k) = 40*k - 17. What are the prime factors of j(y)?
3, 61
Let w(h) = -5*h - 75. Let t be w(-15). Suppose 0*z = 4*z - 2*d - 118, t = -z + 3*d + 37. List the prime factors of z.
2, 7
Suppose -7 = 2*v - 1. What are the prime factors of (35/v)/((-7)/21)?
5, 7
Let v = -132 + 125. Let k(j) = j**2 - 10*j - 7. List the prime factors of k(v).
2, 7
Suppose 4*g - 296 = -5*s, -2*s + 0*s + 5*g + 92 = 0. Let c = s + -23. Suppose 5*q - 47 = c. What are the prime factors of q?
2
Suppose 765 = -3*k - 5*d, 5*d - 1297 = 5*k + 6*d. Let c = 450 + k. List the prime factors of c.
2, 5, 19
What are the prime factors of 2*-3*((-279)/27 + -2)?
2, 37
Let w(o) = 4*o**3 - o**2 - 12. Let r be w(6). Suppose 4*i - r = -4*i. List the prime factors of i.
2, 3, 17
Let l(o) = 4*o**2. Suppose -q + 8 = -5*a - 0*a, -q + a + 4 = 0. Let p be l(q). Suppose 2*c - p = 2*h, 5*c - 2*h - 90 = -0*h. List the prime factors of c.
2, 3
Suppose -3*a = u - 9*a - 1256, -5*u + a = -6309. What are the prime factors of u?
2, 631
Suppose 0 = w + 3*p - 6*p + 14, -2*p + 12 = 2*w. Let i = 68 + w. List the prime factors of i.
3, 23
Let a(s) = 47*s**2 - 4*s + 15. What are the prime factors of a(6)?
3, 11, 17
Let p(q) = -q**3 - 7*q**2 - 2*q - 6. Suppose 4*s + 5 = 3*l - 8, -l = -2*s - 9. Let k be p(s). List the prime factors of 20/k*(-18)/(-5).
3
Let d(m) = 2*m**3 - 8*m**2 - 7*m + 15. List the prime factors of d(7).
2, 5, 13
Let s = 13 - 11. Suppose 5*r - s = 4*f + 3, 5*f + 2*r = 35. Suppose -125 = -0*i - f*i. List the prime factors of i.
5
Let v = 36 - 34. Suppose -2*g - 11 = 2*a - 157, -4*a = -v*g - 262. List the prime factors of a.
2, 17
Let x(n) = 87*n - 142. What are the prime factors of x(3)?
7, 17
Let q(l) = l**2 - 5*l + 3. Let u be q(6). Let m(h) = -u*h + 2*h**2 + 0*h + 2 - 3*h**2 + 0*h**2. List the prime factors of m(-6).
2, 5
Let h(m) = 2*m**3 - 4*m**2 - 6*m + 3. Suppose 4 = -6*b + 7*b. List the prime factors of h(b).
43
Let w = 27 + -40. Let c = 13 + w. Suppose 5*v - 5*b = 70, 5*v - 3*b - 62 + c = 0. List the prime factors of v.
2, 5
Suppose 4*u - w - 122 = 4*w, 80 = 3*u + 2*w. What are the prime factors of 744/u - (-9)/21?
3
Suppose 0 = 4*t - 7*t - l + 2832, -3763 = -4*t + 3*l. List the prime factors of t.
23, 41
Let f(w) = w**2 + 17*w - 10. Let i be f(-18). Suppose -i*o = -11*o. Suppose -q + 2*q + 53 = 3*u, u + q - 11 = o. What are the prime factors of u?
2
Let r be (-11)/((-33)/240) + 1. Suppose -i + r = i - 3*k, -i + 39 = -2*k. List the prime factors of i.
3, 5
List the prime factors of 3/2 + 2686/68.
41
Suppose 23710 - 7133 = 11*t. List the prime factors of t.
11, 137
What are the prime factors of 2*(3 + 2261/14)?
7, 47
Let m(n) = -29*n + 15. What are the prime factors of m(-16)?
479
Suppose w = 4 - 3, -4*j - 5*w = -3285. List the prime factors of j.
2, 5, 41
Let g(i) = -i**3 + 8*i**2 + 40*i - 9. Suppose u + 3*h - 3 = 1, 0 = -4*u - 5*h + 30. List the prime factors of g(u).
191
Let k = 82 + -105. Let b(y) = -y**2 - 29*y - 23. List the prime factors of b(k).
5, 23
Let z(u) = 3*u**2 - 8*u. Let t be z(6). List the prime factors of (-613)/(-15) - (-8)/t.
41
Let m = 132 + 771. List the prime factors of m.
3, 7, 43
Let x(j) = -j**3 - 4*j**2 + j + 7. Let o be x(-4). Let z be (o - 1) + 0 + -2. Suppose 4*h + 5*q = 170, h - 2*q + q - 38 = z. List the prime factors of h.
2, 5
Let j = 1998 + -1256. List the prime factors of j.
2, 7, 53
Let l = -58 + 280. Suppose -z - 102 = -l. What are the prime factors of z?
2, 3, 5
Let f(s) = -s**3 - 5*s**2 + 3. Let q be f(-5). Suppose q*u = -16 + 100. Let o = -13 + u. List the prime factors of o.
3, 5
Suppose -5*j - 10 + 30 = 0. Suppose t = -5*i - 4*t - 75, j*i = -t - 75. Let p = i + 31. What are the prime factors of p?
11
What are the prime factors of (-56)/(-42)*(46 - 1)?
2, 3, 5
Let j(u) = 409*u + 82. List the prime factors of j(6).
2, 317
Let l(f) = -39*f**3 - 3*f**2 - 4*f - 5. What are the prime factors of l(-2)?
3, 101
Let v = 1 - -4. Let o = -65 - -79. Suppose -3*h - o = -v*h. List the prime factors of h.
7
List the prime factors of (-4)/(-14) - (-6170)/14.
3, 7
Let t = 51 - 1. Let d = t + -30. What are the prime factors of d?
2, 5
Suppose -8*u - 17 = -49. Suppose 0 = -2*c + u*c + j - 276, -2*c + 5*j + 300 = 0. List the prime factors of c.
2, 5, 7
Let b(g) = -g**3 + 10*g**2 + 16*g + 16. Let k be b(12). Let x = k - -155. List the prime factors of x.
3, 5
List the prime factors of 6763/11 - 42/(-231).
3, 5, 41
Suppose 0 = -5*u + 3*c + 4, 5*u + 0*c - 6 = 2*c. Suppose 3*y - 2*l = 32, 0 = -5*y + u*l + 40 + 8. Suppose -y - 1 = -o. What are the prime factors of o?
3
Let t(f) be the first derivative of f**2/2 + 11*f - 3. Let a be t(-5). Let s(g) = -g**2 + 8*g - 6. List the prime factors of s(a).
2, 3
Let x be 1/((3 - 2)/4). Suppose -x*j + 0 + 8 = 0. List the prime factors of 9*(4/(-3) + j).
2, 3
Let j = 1373 + -787. List the prime factors of j.
2, 293
Let i(a) be the first derivative of -a**4/4 - 4*a**3/3 + a - 8. Let x be i(-4). List the prime factors of ((-21)/(-15))/(x/5).
7
Let a be 28/6 - (-1)/3. What are the prime factors of -35*-3*1/a?
3, 7
Let b = -1607 - -2746. What are the prime factors of b?
17, 67
Suppose -2*m + 7*m - 5485 = 0. List the prime factors of (-33)/18 + 2 + m/6.
3, 61
Suppose i = -6 + 8. Suppose 4*p + i*d = 14, -5*p = -0*p - 2*d - 13. Suppose -6 - 72 = -p*w. List the prime factors of w.
2, 13
Let o(v) = -v**3 + 7*v**2 + 4*v - 15. List the prime factors of o(-4).
5, 29
Suppose -5*c = -2*c + 42. Let m = c + 38. What are the prime factors of m?
2, 3
Let c(v) = 3*v**3 - 2*v**3 + 3*v**2 - 15 + 9*v - 9*v**2. What are the prime factors of c(8)?
5, 37
Let l(d) = 9*d + 597. What are the prime factors of l(48)?
3, 7
Let s = -275 + 278. Suppose 2*f + f = 21. Suppose -4*a + f*a - 24 = s*m, -3*m = a + 8. What are the prime factors of a?
2
Let v = 12 - 10. Suppose 2*i = -v, -r = -0*r + 5*i + 9. List the prime factors of (-38)/r - 5/(-10).
2, 5
Let k(s) = 26*s**2 + 12*s + 41. List the prime factors of k(-8).
1609
Suppose -41*n + 110212 - 26203 = 0. What are the prime factors of n?
3, 683
List the prime factors of ((-18)/15)/((-8)/((-53480)/(-21))).
2, 191
Let h be (-2)/(-4) + 34/(-4). Let t be (-4 - h/4) + 3. List the prime factors of ((-2)/(-5) - t)*-35.
3, 7
What are the prime factors of (-140004)/(-42) + 2 + (-20)/(-35)?
2, 3, 139
What are the prime factors of ((-5)/(-20)*4 - -276)*3?
3, 277
Suppose -1944 = -16*x + 4*x. List the prime factors of x.
2, 3
Let g be (10 + -2 + 2)*(6 + -5). Suppose 4*h = 4*o - 56, -o - 4*h + g = -7*h. What are the prime factors of o?
2
Suppose 3*a - 5592 = 2400. List the prime factors of a.
2, 3, 37
Suppose -11*r - 4 = -13*r. Suppose -6 = -3*j, 2*i + 0*j = -r*j + 88. List the prime factors of i.
2, 3, 7
Suppose -2*z + 10 = z - 5*s, 10 = -5*s. List the prime factors of (62 - (2 - -1)) + z.
59
Let k be 5423/55 + (-3)/5. Let m = 168 - k. Let t = m - 31. List the prime factors of t.
3, 13
Suppose -v = 55 - 293. Suppose 0 = -5*j - 25, 5*h + j - 367 - v = 0. Suppose 2*s + 4*r - 122 = 0, -2*s + r + h = -4*r. List the prime factors of s.
61
Let x(b) be the first derivative of b**6/360 + 17*b**4/24 + b**3 + 4. Let u(w) be the third derivative of x(w). List the prime factors of u(0).
17
Let u = -24 - -27. Let n be (u*3)/(23/(-46)). Let y = 29 + n. What are the prime factors of y?
11
Let y be -4*((-